 - 19705. Calculate r(21).
812
Let m(k) = 4283*k - 188474. What is m(44)?
-22
Let q(i) = -526052*i + 526072. Determine q(1).
20
Let t(s) = -16*s**3 - 95*s**2 + 69*s + 29. What is t(-6)?
-349
Let p(y) = 5701775*y - 17105321. What is p(3)?
4
Let s(k) = -90507*k - 814557. Calculate s(-9).
6
Let u(k) = -73*k**2 + 6491*k - 24799. What is u(4)?
-3
Let x(w) = -3*w**3 + 3*w**2 + 966315*w - 1932635. What is x(2)?
-17
Let h(f) = 4*f**3 + 57*f**2 - 28*f - 43. Determine h(0).
-43
Let n(a) = -3*a**2 - 27396*a + 137050. What is n(5)?
-5
Let n(d) = 33004*d + 132015. Determine n(-4).
-1
Let s(f) = -f**3 - 61*f**2 + 28*f - 502. Give s(-62).
1606
Let q(g) = -17*g**2 + 5506*g + 187017. Determine q(-31).
-6
Let r(w) = 3*w**3 - 26*w**2 - 73*w - 2117. What is r(14)?
-3
Let l(d) = -23*d**3 + 138*d**2 + 284*d - 1721. Determine l(6).
-17
Let o(b) = b**2 + 6831*b + 170073. Calculate o(-25).
-77
Let c(o) = -22*o**2 + 296*o - 368. Give c(14).
-536
Let n(u) = -1694*u + 303292. Calculate n(179).
66
Let t(i) = -i**2 + 16334*i + 983649. Determine t(-60).
9
Let a(u) = 42682*u + 384166. Calculate a(-9).
28
Let o(w) = 3*w**2 + 21610*w + 581291. Determine o(-27).
8
Let o(i) = 2*i**3 - 44*i**2 - 5*i - 19. Determine o(22).
-129
Let a(z) = -5*z**2 - 344*z - 303. What is a(-69)?
-372
Let g(x) = x**3 - 778*x**2 + 9120*x + 870. Give g(12).
6
Let g(n) = 39*n**2 - 2099*n - 82. What is g(53)?
-1778
Let a(v) = -5*v**2 + 122464*v + 244943. Give a(-2).
-5
Let y(r) = 4*r**2 - 681*r + 7344. Determine y(158).
-398
Let o(g) = -1720*g - 98013. What is o(-57)?
27
Let g(p) = -p**2 + 119*p - 3582. Give g(49).
-152
Let w(p) = -282*p + 2084. Calculate w(10).
-736
Let w(b) = -12*b**3 - 3*b**2 + 680*b - 1357. Determine w(2).
-105
Let v(i) = -i**3 + 1071*i**2 - 283552*i - 9481. Give v(592).
-9
Let v(t) = -9412*t + 65874. What is v(7)?
-10
Let u(v) = -4*v**3 - 47*v**2 + 155257*v + 1862942. Give u(-12).
2
Let n(w) = w**3 + 47*w**2 - 6*w + 2093. Calculate n(-48).
77
Let w(z) = z**3 - 21*z**2 + 106*z - 2794. Give w(22).
22
Let o(j) = -137627*j - 23258966. Determine o(-169).
-3
Let m(v) = -v**3 - 79*v**2 + 1402*v + 133. Determine m(15).
13
Let x(b) = -746*b + 5212. Give x(7).
-10
Let w(p) = -59*p + 1372. Give w(18).
310
Let u(h) = 40*h**2 - 8074*h - 1991. Give u(202).
-779
Let c(m) = 14*m**2 - 1547*m + 41124. Give c(66).
6
Let z(k) = 399*k + 148423. Determine z(-372).
-5
Let o(u) = -u**3 + 148*u**2 - 2773*u + 133. What is o(126)?
7
Let i(d) = 5*d**2 + 3001*d - 20977. Calculate i(7).
275
Let j(i) = -26*i**2 - 1017*i - 26. Give j(-39).
91
Let z(x) = -690*x - 47040. Determine z(-68).
-120
Let m(t) = 4*t**3 - 2*t**2 + 770*t - 2295. What is m(3)?
105
Let b(v) = 2*v**2 + 7347*v + 567916. What is b(-79)?
-15
Let s(k) = -35983*k + 10. What is s(0)?
10
Let h(g) = -4*g**2 - 21076*g + 338221. Calculate h(16).
-19
Let b(x) = -4*x**2 + 695*x - 20623. Give b(38).
11
Let k(a) = -19*a**3 - 14194*a**2 - 724*a + 17197. Give k(-747).
16
Let c(z) = -z**2 + 53*z - 794. What is c(24)?
-98
Let q(a) = -3*a**3 - 6*a**2 + 739*a + 4877. Calculate q(-11).
15
Let g(z) = 1173247*z + 11732474. What is g(-10)?
4
Let k(z) = -9*z**3 + 608*z**2 + 415*z - 9708. Calculate k(68).
16
Let b(j) = -64262*j - 1992121. Calculate b(-31).
1
Let m(g) = -402*g**2 + 231*g + 702. Calculate m(-3).
-3609
Let y(j) = -2*j**2 - 1314*j + 35457. Calculate y(-683).
-59
Let i(h) = 284873*h - 3988219. Give i(14).
3
Let x(o) = -39755*o - 516815. Determine x(-13).
0
Let y(o) = 14201*o + 98292. Give y(-7).
-1115
Let d(j) = 11*j**2 + 586*j + 1134. Calculate d(-2).
6
Let i(s) = -s**2 - 476845*s + 19552323. Calculate i(41).
-3
Let t(v) = 2*v**2 - 120*v + 590. Calculate t(5).
40
Let i(c) = -25*c**2 - 88*c - 2. Give i(-10).
-1622
Let n(a) = -a**2 + 169*a + 6182. Determine n(-31).
-18
Let f(c) = 2777*c - 4807. Give f(0).
-4807
Let p(b) = -71*b**2 - 3029*b + 1065. Determine p(-43).
33
Let i(b) = -7449*b + 104286. Give i(14).
0
Let m(v) = 8*v**2 - 123307*v + 123308. Calculate m(1).
9
Let z(r) = -125041*r + 1125375. Calculate z(9).
6
Let l(a) = 22*a**2 + 1071*a - 126. Give l(-48).
-846
Let k(w) = 34*w**2 + 27*w - 1055. Give k(-6).
7
Let i(q) = 171*q**3 + 856*q**2 + 194*q + 941. Determine i(-5).
-4
Let s(o) = -5*o**2 - 156*o - 798. What is s(-6)?
-42
Let k(c) = 34*c**2 - 4763*c - 4362. Give k(141).
9
Let n(f) = f**2 + 416*f + 23663. Determine n(-348).
-1
Let b(w) = -5*w**2 + 2214*w - 17366. Calculate b(8).
26
Let w(u) = -u**3 - 333*u**2 - 9629*u + 661. Calculate w(-301).
-242
Let q(l) = l**3 - 10*l**2 - 131*l + 1244. Determine q(13).
48
Let y(n) = 6*n**3 + 24*n**2 + 102*n + 13. Calculate y(-4).
-395
Let o(a) = -a**2 - 517478*a + 13455109. Give o(26).
5
Let g(t) = -116435*t - 6869667. What is g(-59)?
-2
Let d(w) = -649*w**2 - 727*w - 2. Calculate d(-1).
76
Let m(q) = 275481*q - 826450. What is m(3)?
-7
Let b(r) = r**3 - 129*r**2 + 3560*r + 35. What is b(89)?
35
Let s(x) = -89*x**2 + 1421*x + 5753. Give s(-4).
-1355
Let y(l) = -189*l**2 - 44273*l - 11007. Calculate y(-234).
-9
Let u(b) = -2*b**3 - 139*b**2 - 485*b - 737. Determine u(-66).
781
Let k(y) = -119*y**3 + 1072*y**2 + 19*y - 193. What is k(9)?
59
Let g(q) = -14*q**2 + 416*q - 427. Calculate g(27).
599
Let q(k) = -7*k**3 + 58*k**2 + 102*k - 958. Calculate q(8).
-14
Let l(t) = 34913*t + 2373930. Give l(-68).
-154
Let r(c) = -c**2 + 638*c + 230946. Give r(-258).
-222
Let y(z) = -z**3 + 67*z**2 + 68*z - 24. Give y(68).
-24
Let l(h) = -61231*h - 673552. Determine l(-11).
-11
Let b(x) = 22*x**3 + 6050*x**2 - 19*x - 5227. Calculate b(-275).
-2
Let c(h) = -h**2 - 65*h - 181. Give c(-4).
63
Let q(y) = -15*y**2 + 176*y - 131. Calculate q(7).
366
Let x(s) = -1030*s + 45212. Determine x(44).
-108
Let b(t) = 549915*t - 8248722. Determine b(15).
3
Let i(o) = o**3 - 280*o**2 + 1137*o - 9088. Calculate i(276).
20
Let d(z) = -z**3 + 62*z**2 - 104*z + 2242. Calculate d(61).
-381
Let j(y) = -8*y + 980. Determine j(30).
740
Let f(l) = 1031*l - 17985. Give f(18).
573
Let s(n) = -5558*n - 16748. Give s(-3).
-74
Let m(c) = -4*c**3 - 14*c**2 + 618*c + 1862. Determine m(-3).
-10
Let p(l) = 70*l**3 + 2*l**2 - 1901*l + 1897. Determine p(1).
68
Let v(n) = 86*n**3 + n**2 - 316*n + 317. Give v(1).
88
Let q(m) = 5*m**3 - 15*m**2 + 1357*m - 5502. What is q(4)?
6
Let c(m) = -m**2 - 515*m - 6025. What is c(-12)?
11
Let j(d) = 2*d**2 + 215*d + 921. Determine j(-106).
603
Let w(x) = -3182*x - 15757. Give w(-5).
153
Let h(m) = 72368*m + 2243437. Calculate h(-31).
29
Let j(v) = -41093*v - 123285. Determine j(-3).
-6
Let d(f) = -6*f**2 + 80*f + 603. Determine d(-9).
-603
Let o(d) = -13*d**3 + 3243*d**2 - 1562*d + 16934. What is o(249)?
2
Let w(x) = 8796*x - 263891. Determine w(30).
-11
Let l(j) = 75*j**2 - 867*j + 865. Calculate l(1).
73
Let k(u) = -4*u**2 + 591*u + 2603. Give k(152).
19
Let w(y) = y**3 - 303*y**2 + 1189*y - 24. Give w(4).
-52
Let r(a) = 9013*a - 108153. Calculate r(12).
3
Let n(s) = 97619*s + 8883329. What is n(-91)?
0
Let o(d) = -7*d**2 - 657*d - 1438. Calculate o(-92).
-242
Let t(w) = -w**2 - 46608*w - 2141850. What is t(-46)?
2
Let b(j) = 6*j**2 + 21*j + 893. What is b(-28)?
5009
Let w(f) = -6*f**2 + 63*f - 229. Give w(18).
-1039
Let p(l) = 5748*l + 603496. Give p(-105).
-44
Let r(h) = 2*h**2 - 1181*h - 64055. Calculate r(-50).
-5
Let v(r) = -442*r + 63270. What is v(144)?
-378
Let l(s) = -5547*s - 116489. What is l(-21)?
-2
Let z(r) = -135*r**2 - 17690*r - 1093. Calculate z(-131).
-438
Let v(f) = 32*f**2 + 2660*f - 2390. Determine v(-84).
-38
Let b(c) = 181*c + 2188. Calculate b(7).
3455
Let l(s) = 3*s**3 - 8*s**2 + 4*s + 37. Give l(-7).
-1412
Let p(q) = 5359*q - 54111. Give p(11).
4838
Let g(y) = -y**3 + 93*y**2 - 1715*y - 1825. Calculate g(67).
-16
Let p(f) = 406*f - 7888. Calculate p(19).
-174
Let y(a) = 8*a**2 + 17*a + 44. Give y(-5).
159
Let k(s) = 3*s**3 + 16*s**2 + 641*s + 10073. What is k(-15)?
-6067
Let m(y) = -2*y**3 + 44*y**2 + 648*y + 303. Determine m(32).
559
Let k(l) = -40*l**2 - 15160*l - 30314. Calculate k(-2).
-154
Let y(m) = 87*m + 11737. Calculate y(-131).
340
Let r(n) = n**3 + 240*n**2 - 6048*n + 49. What is r(-263)?
-214
Let n(u) = -u**3 + 115*u**2 + 858*u - 85346. Determine n(116).
726
Let c(u) = 28*u**2 - 1324*u - 13658. Give c(56).
6
Let f(p) = 9125*p - 91247. Determine f(10).
3
Let s(j) = 13*j**2 + 1890*j + 56